1
Calculate 9 - (-6 + 24 + (-13 - -1)).
3
Evaluate (-19 - (16 - 27)) + (-2 - (0 - 1)).
-9
Calculate -9 + 13 + -7 + 7 - (26 + -1).
-21
Calculate 261 - 259 - ((-1 - (2 - 5)) + 18).
-18
What is the value of (-14 - -27) + (-18 - -6)?
1
What is the value of 0 - -26 - (-38 - (25 + -61))?
28
Calculate -206 + 200 + (0 - -14) - (-1 + 28).
-19
-15 - (-6 + (-7 - -9))
-11
What is -38 + 53 + (6 - ((1 - 0) + -2))?
22
Evaluate -5 - (0 - 1) - (4 - (-20 - -20)).
-8
Calculate -21 + (-3 - (7 + -4)) - -10.
-17
Evaluate 34 + (-47 - -32) + -40.
-21
What is 14 - 0 - (-87 + 95) - 3?
3
What is the value of (-9 - -11 - 2) + -4 + 14 + 1?
11
(-2 + 1 - 6) + -26 + 30 - -4
1
Calculate -9 + 5 + (5 - 6) + 2 - 5.
-8
Evaluate -45 + 39 + (2 - -5).
1
Evaluate -5 + 3 + 9 - 5 - -8.
10
-8 + (18 - 3 - (-4 - -5))
6
Evaluate -9 - (22 + (-21 - 10)).
0
Evaluate -4 + (25 - 21 - (-1 - 3)) + -9.
-5
Evaluate -1 - ((1 - 5 - -6 - 16) + 6).
7
69 + 5 + -77 - (-5 + 1)
1
What is the value of -18 - (44 - (16 + 20))?
-26
What is the value of -13 + 6 + (-14 - 2 - 1)?
-24
Calculate -44 + 27 + -2 - 5.
-24
Calculate -181 + 170 - (0 - 8).
-3
What is (-12 - 1) + 247 + -241?
-7
What is (8 - 6 - -1 - 8) + 5 + -1?
-1
-55 + 41 - -27 - (1 + -4)
16
Calculate -21 - (16 - 54 - -16).
1
What is 27 - (1 + (1 - (-14 + 13 + -4)))?
20
What is -3 + (11 + -9 - -7) - -3?
9
Evaluate -14 + 1 + (-5 - (-13 + (-8 - -12))).
-9
Evaluate -6 - (13 - 10 - (-2 - 0)).
-11
-6 + -5 - (12 - (7 - -1) - 12)
-3
Evaluate 10 - 5 - ((-4 - (4 + 2)) + 4).
11
Evaluate (42 - 22) + (-48 - -15).
-13
What is (-1 + -4 - (2 + -1)) + (-1 - -7)?
0
What is (-7 - (-13 + 23)) + (1 - -2)?
-14
What is the value of (15 - (2 - -8)) + 1 + -10?
-4
(-5 - (39 + -32)) + -7 + 1
-18
-6 + 34 + -30 + -1
-3
-2 - ((0 - ((-12 - 3) + 4)) + -4)
-9
What is the value of 3 + -11 + 9 + 5 - 4?
2
What is 100 + -93 + 1 + 3 + 5?
16
What is (-28 - (-24 - -27)) + 20?
-11
What is the value of -19 - (13 - 42) - 15?
-5
-3 - (-15 + 13) - 31 - -15
-17
6 - 2 - (-18 - -38)
-16
Evaluate 6 + -19 - -18 - -8 - -6.
19
Evaluate 1 - -58 - (5 + -39 + 44) - 11.
38
Calculate 2 - (32 + 0) - (98 - 104).
-24
What is (-8 - -5) + 1 + -14 + 22 + -21?
-15
(-4 - -1) + (-20 - -17 - (-1 + 1))
-6
Evaluate (-1 - (-1 + -19 + 13)) + (2 - 23).
-15
Calculate -3 + (0 - 6) + 0.
-9
What is the value of 4 - (1 + 4 - 2) - (28 + -15)?
-12
Calculate (2 - 19) + (58 - 26).
15
Calculate -12 + (-16 - -10) + 6.
-12
Calculate (9 + -5 + -4 - 6) + (7 - 0).
1
15 + (-12 - -4) - -1 - (-7 - -19)
-4
What is the value of -39 + 33 + 10 - (-4 - -1)?
7
What is 11 - (-9 + 13) - (1 - 2)?
8
What is the value of 2 - (11 + -18 + 3) - (-1 - -20)?
-13
What is 17 + -23 - -6 - 2?
-2
Evaluate -2 + -1 + (-6 - -15) + -21.
-15
22 + -15 - (9 + 9)
-11
What is -17 + -2 + (-18 - (-11 + 7 - 6))?
-27
Calculate -12 + 3 + (21 - 8 - -2).
6
41 + (-52 - -37) + 13 + 1
40
1 + 1 + 4 + 6 + (-5 - 4)
3
1 - 7 - (-138 + 126)
6
What is (-2 - 12) + -4 - -12?
-6
What is the value of -24 + 0 - (-476 + 445)?
7
What is 3 - 0 - (1 + -5 + -7 + 30)?
-16
Calculate -6 - (6 + (-33 + 11 - -17)).
-7
Evaluate (59 - 66) + (1 - 2 - (1 + 0)).
-9
(697 - 674) + -1 + -34
-12
What is the value of 6 + 9 + -11 - (0 + 1 + -3)?
6
Evaluate -1 + -29 + -19 + 6 + -6 + 20.
-29
What is 20 - -1 - (291 + -288)?
18
-26 - (-5 + -10) - 11 - (-7 - 1)
-14
2 - 9 - (-12 + 7)
-2
(15 - (9 + -9 + 1 + 5)) + 8
17
Evaluate 10 - (14 + -5 + -17 - -5).
13
What is the value of (-4 - 11 - -12) + 15?
12
What is -1 + 5 - (-10 + 2 - (-97 + 89))?
4
Calculate -4 - 5 - (-20 + 16) - 11.
-16
Calculate 6 + (-10 - -13 - 11).
-2
Evaluate -451 + 461 - (-1 + 0).
11
What is the value of -20 + -2 - 0 - (-26 - -23 - 5)?
-14
Evaluate -10 + -24 + 8 + 12 + -2.
-16
What is (29 - (26 - (1 - -11))) + -7?
8
Calculate 1 - 1 - (12 + -5 - (-1 - -1)).
-7
What is -2 + 0 - (32 + 34 - 51)?
-17
(1 - -36) + -41 + 8 + 21
25
What is the value of -2 + (5 - (-16 + 9))?
10
What is the value of (-161 - -170) + (-18 - 1)?
-10
Calculate (-1 - -8) + -10 + (5 - (7 - 7)).
2
5 - (-1 + -3 + 14 + 9)
-14
What is (7 + -20 - -15) + 2 + -7?
-3
Calculate 11 + -2 - ((9 - 8) + 1 + 6).
1
What is the value of -8 + 1 + 3 + 4 + -7 + 3?
-4
What is the value of 1 - (1 - 4) - (-12 + -5 - -11)?
10
What is (-1 - (-10 - -18)) + -1 - -16?
6
What is the value of -39 + 45 + (-31 - -54)?
29
Calculate -3 + 30 + 2 + -10 + 3 + -3.
19
Calculate (0 - (2 - 1) - 23) + -2520 + 2520.
-24
(-5 - 0) + 2 + 3 + -8
-8
Evaluate -6 - ((1 - 4) + (0 - 6) + 2).
1
Calculate 2 - ((3 - 2) + 2) - (49 + -44).
-6
What is the value of (2 - (6 - 21 - 3)) + (31 - 39)?
12
-4 + 9 + (3 - (1 + 10))
-3
(-30 - -6) + 87 + -63
0
What is the value of 15 + 2 + 0 - (99 + -20 - 74)?
12
Evaluate -23 + -31 + 30 - -30.
6
Evaluate -7 + 1 + (1 + -3 - -15).
7
2 - (-3 - 21) - -7 - (-2 - -8)
27
What is the value of 16 + (-12 - 7) + (-1 - -18)?
14
What is 498 - 506 - (-11 - 0)?
3
Evaluate -9 - (25 - (18 + 9)).
-7
Calculate 40 + -13 + -15 - (1 - -8).
3
What is (10 + -1 - 9 - 20) + 5?
-15
6 - (8 + -3 - 0 - 5)
6
What is -4 - -5 - 2 - (4 - (10 - -4))?
9
What is the value of -1 - (0 - 3) - 5 - 4?
-7
-3 - 5 - (44 + -30) - (-5 + -2)
-15
What is the value of -16 + (8 + (4 + -1 - 6) - 12)?
-23
What is the value of -1 - -4 - ((-7 - 8) + (2 - 4))?
20
Evaluate 19 + -1 - (24 + (38 - 64)).
20
(2 - -4 - 4) + 17 + -12
7
Calculate -8 + -1 + 2 - (-3 + -6).
2
Calculate -4 + 12 + (28 - 31) + 5.
10
What is -6 + (17 - 2) + (25 - 19) - 2?
13
(43 - 44) + -1 + 14
12
-63 + 9 - -30 - (-16 - 1)
-7
0 + 7 + 1 + 0 - 13 - -3
-2
What is (20 - 19) + -2 - -17?
16
What is the value of 19 + (-42 - -17 - -31)?
25
Evaluate -2 - ((-10 - -6) + -6) - 4.
4
What is the value of 1 + -13 - (19 + -29 - -10)?
-12
What is the value of -1 + -8 + 12 - -9?
12
Evaluate (10 - 7 - -33 - 11) + -17 + 6.
14
What is the value of -20 + 20 + -36 + 16?
-20
(-2 + -61 - -42) + (7 - 2)
-16
16 + 4 + -38 + 17
-1
What is (11 - (3 - -16)) + 4 + 36?
32
What is -35 - -4 - (-112 + 106)?
-25
0 - (21 + -9 - (-1 - -9))
-4
What is 23 - (-2 - 1 - (-11 - -8 - 4))?
19
(22 - 3) + -3 - (5 + (5 - 5))
11
What is 22 - (18 + 0 + -15)?
19
What is the value of -13 - -10 - (7 - 5)?
-5
Calculate (-11 - -4) + (-2 - (-3 + -5)).
-1
What is the value of (2 - (-10 - -9)) + 1?
4
Evaluate -3 + 9 + -3 - (-4 + 1 + 22).
-16
Evaluate -5 + (-33 - -43) + (0 - -8) + 2.
15
What is the value of -1 + (-2 - -1) - ((43 - 67) + 28)?
-6
What is 20 - (-14 + 16) - (-5 - -25)?
-2
Calculate (8 - -5) + (-116 - -122).
19
What is 1 + -5 + 27 + -14?
9
What is the value of 1 + -2 + 31 - (-19 + (-28 - -54))?
23
What is 5 + 0 + -2 + -3 + 5 - -4?
9
What is the value of 3 + (-2 + -6 - -29)?
24
Calculate -7 - (8 - (7 - (4 - 8))).
-4
What is the value of -21 - (-27 + 51 + -36)?
-9
Evaluate (-25 + 14 - -5) + -16.
-22
67 - 33 - (-1 + 20)
15
Calculate -6 + (48 - 34) + -26 + -1.
-19
What is the value of -23 + (2 - 4) + (-41 - (8 - 48))?
-26
Evaluate -146 + 138 + -8 + 1.
-15
-5 + (-4 - -6) + 1 + (-6 - -4)
-4
Calculate (5 - 4 - -1 - 0) + 73 + -61.
14
-14 + 27 + -67 + 19
-35
What is the value of -12 + (2 - -3 - -1) + 3 + -15?
-18
What is the value of (2 - (1 + -1)) + 3 + 3 + 5?
13
(-9 - 10 - 4) + 33
10
Calculate 9 + -1 + (-87 - -74) - -40.
35
Evaluate -5 + 1 + -5 + 4 - (-2 + 1).
-4
Calculate 2 + (9 + 5 - 5).
11
Calculate 22 - 11 - -18 - 49.
-20
What is -14 + 48 + (-77 - -29)?
-14
What is the value of 18 + (31 - (-6 - -40 - 20))?
35
Calculate -3 + (-6 + 3 - 1 - (-23 + 22)).
-6
-34 - (-1 + -31 + 12)
-14
What is -8 - (-11 - (-24 - -19))?
-2
What is the value of (4 - 2) + -10 - (-36 + (24 - 15))?
19
-2 + 37 + (-29 - -18)
24
Calculate (-19 - 6) + -7 + 15 - -2.
-15
What is 19 - (55 - (14 - 18) - 11)?
-29
What is (-6 - (5 + 12)) + (108 - 92)?
-7
Evaluate -1 + 1 - (-10 - -2) - (6 + -4).
6
What is -17 + 4 + (7 - -13)?
7
Evaluate (15 - (15 + -13)) + 8.
21
Calculate (16 - 4) + -19 + 22.
15
Calculate 8 + (-1 - (-23 - -17)).
13
Calculate 0 + 4 - (-13 + 36 + -20).
1
What is the value of (14 + -5 - (11 + 1)) + -7?
-10
Evaluate -17 + -1 + 3 + 7 + -10 + 5.
-13
Calculate -9 - (0 - 1) - (-15 + 9).
-2
Calculate -8 - 2 - (-7 - 2).
-1
What is the value of -21 + -23 + 25 + -1?
-20
What is -12 + (0 - -1 - (22 - 20))?
-13
What is -7 + -1 + (-137 - -124)?
-21
What is (-30 - -33 - (-8 + 1)) + -13?
-3
(9 - 2 - 2) + -1 + 0 + 6
10
Calculate -10 + ((-11 - 3) + 4 - -21) - -28.
29
(-19 - (-1 +